er?
True
Is 98179563 a composite number?
True
Is 3259417 composite?
True
Is 1159967 composite?
False
Is 3176759 prime?
True
Is 74204113 a composite number?
False
Is 12671023 a prime number?
True
Is 13617641 a prime number?
True
Is 10195397 prime?
True
Is 21752749 a composite number?
True
Is 4991941 a composite number?
True
Is 1922995 prime?
False
Is 38073197 prime?
True
Is 11123851 prime?
True
Is 72963581 composite?
True
Is 21478381 a composite number?
True
Is 134193417 composite?
True
Is 1681469 composite?
False
Is 28189579 a composite number?
True
Is 2653243 prime?
False
Is 96365563 composite?
True
Is 72649345 a composite number?
True
Is 3529657 a prime number?
True
Is 135479629 composite?
False
Is 46129821 a composite number?
True
Is 1317917 prime?
True
Is 1717591 composite?
False
Is 676849 a prime number?
False
Is 63990097 a composite number?
True
Is 12648299 composite?
False
Is 122487341 a prime number?
True
Is 512623973 a composite number?
False
Is 285661 a composite number?
False
Is 607104419 composite?
True
Is 513388591 a composite number?
True
Is 100666501 composite?
True
Is 39572663 composite?
True
Is 3826843 composite?
False
Is 1667389 a prime number?
True
Is 2462492003 prime?
True
Is 262173853 a composite number?
False
Is 5388847 composite?
True
Is 154332571 prime?
False
Is 318285499 a composite number?
True
Is 1495007 prime?
False
Is 227389 prime?
False
Is 22345289 composite?
False
Is 6715573 prime?
True
Is 5004787 a prime number?
False
Is 26178497 a composite number?
True
Is 118269211 a prime number?
True
Is 11989643 composite?
True
Is 8494223 a composite number?
True
Is 18578467 composite?
True
Is 4435169 composite?
False
Is 9829819 a composite number?
True
Is 675049 prime?
False
Is 2378977 a composite number?
False
Is 48637049 composite?
False
Is 321326 composite?
True
Is 1434707 a composite number?
False
Is 901977031 prime?
True
Is 6202463 a composite number?
True
Is 249281 a composite number?
True
Is 333182453 composite?
True
Is 51476291 a composite number?
True
Is 470270797 composite?
False
Is 383563013 a composite number?
True
Is 1401346 a prime number?
False
Is 427849 prime?
True
Is 2031559 a composite number?
True
Is 247580171 a prime number?
True
Is 25574219 composite?
True
Is 14462489 prime?
False
Is 351642107 a composite number?
False
Is 1345391 a prime number?
False
Is 729933 composite?
True
Is 6131453 composite?
False
Is 1423921 composite?
False
Is 179261 a composite number?
False
Is 27524659 a composite number?
True
Is 37967447 a composite number?
True
Is 2139151 a composite number?
True
Is 56629561 composite?
False
Is 234416093 a composite number?
True
Is 37887811 a composite number?
True
Is 658507 composite?
False
Is 7470193 a prime number?
False
Is 811871 composite?
False
Is 49725421 composite?
True
Is 1256186 a prime number?
False
Is 9290401 prime?
False
Is 17112683 prime?
False
Is 136225079 prime?
False
Is 56259031 composite?
False
Is 258467 prime?
False
Is 398870489 a prime number?
True
Is 6175123 prime?
True
Is 566843089 a prime number?
False
Is 15684631 composite?
False
Is 12540839 composite?
True
Is 5586535 a composite number?
True
Is 27483397 a prime number?
True
Is 171007 a composite number?
False
Is 1759543 a prime number?
True
Is 18611079 a composite number?
True
Is 9410797 a prime number?
False
Is 2270507 prime?
True
Is 9925463 prime?
False
Is 770729287 a composite number?
True
Is 1324507 composite?
True
Is 22646891 composite?
False
Is 4718551 prime?
False
Is 90159323 a prime number?
False
Is 26764229 prime?
False
Is 10918469 prime?
False
Is 11993547 prime?
False
Is 5579615 composite?
True
Is 125238767 a composite number?
True
Is 416620223 a composite number?
False
Is 14000951 a prime number?
False
Is 89436469 composite?
False
Is 159530659 a composite number?
False
Is 5187961 a composite number?
False
Is 4079045 composite?
True
Is 256049 prime?
True
Is 9249817 composite?
True
Is 824561 composite?
True
Is 1893131 a prime number?
True
Is 18932009 prime?
False
Is 797903 prime?
False
Is 2066291 composite?
True
Is 5650213 a composite number?
False
Is 47343613 composite?
False
Is 115590613 a prime number?
True
Is 72666071 prime?
False
Is 219854333 a prime number?
False
Is 1672487 a prime number?
True
Is 153053237 prime?
True
Is 18311039 prime?
True
Is 16256549 a composite number?
False
Is 64679757 a prime number?
False
Is 23973581 prime?
True
Is 8717083 a prime number?
False
Is 3907615 a prime number?
False
Is 868191 composite?
True
Is 7712827 prime?
False
Is 234052943 prime?
True
Is 873542429 a composite number?
False
Is 41138141 composite?
True
Is 8233721 composite?
True
Is 16391633 a composite number?
False
Is 980027 a composite number?
False
Is 1005151 composite?
True
Is 367004387 a prime number?
True
Is 8777339 a prime number?
True
Is 2345899 a composite number?
True
Is 33686971 prime?
True
Is 239329931 a composite number?
True
Is 4824377 a prime number?
False
Is 8668111 composite?
False
Is 680783 prime?
True
Is 153948289 a prime number?
False
Is 135496447 a composite number?
False
Is 121050383 composite?
False
Is 1953311 composite?
False
Is 19174333 prime?
False
Is 56737189 composite?
True
Is 329347 a prime number?
True
Is 8948759 a composite number?
False
Is 31725373 composite?
True
Is 687543 prime?
False
Is 184446529 prime?
False
Is 13288571 a composite number?
True
Is 522796821 composite?
True
Is 2137859 prime?
True
Is 10841417 a composite number?
True
Is 137913187 a prime number?
False
Is 6678199 prime?
False
Is 20261659 composite?
True
Is 677971753 composite?
False
Is 13385179 prime?
True
Is 63366907 a composite number?
True
Is 8599607 a prime number?
True
Is 702067 a composite number?
False
Is 3059477 a prime number?
False
Is 7188787 prime?
True
Is 131167339 prime?
True
Is 450818191 prime?
True
Is 362147 a composite number?
False
Is 5109814 a prime number?
False
Is 1141351 a composite number?
False
Is 70000157 a prime number?
True
Is 479189 a prime number?
True
Is 32194781 prime?
False
Is 739491 prime?
False
Is 51781 a prime number?
False
Is 1792741 prime?
False
Is 26461103 prime?
False
Is 13099171 a prime number?
False
Is 54549331 composite?
True
Is 3148711 a prime number?
False
Is 24501691 composite?
True
Is 41275867 a prime number?
False
Is 2753856343 composite?
True
Is 3251611 a prime number?
False
Is 1038533 prime?
False
Is 6823139 a prime number?
True
Is 3460334213 a composite number?
True
Is 47965249 composite?
False
Is 77135 composite?
True
Is 12786427 a composite number?
False
Is 57476035 a composite number?
True
Is 23081347 a composite number?
False
Is 373591 a composite number?
True
Is 1647161 prime?
True
Is 420455437 a prime number?
True
Is 36573527 composite?
False
Is 616163 prime?
False
Is 1584817 a composite number?
True
Is 4603423 prime?
False
Is 266732477 a prime number?
False
Is 9931483 composite?
True
Is 4681081 composite?
False
Is 1829239 a prime number?
False
Is 2072713 composite?
True
Is 1177859 prime?
True
Is 10565185 a composite number?
True
Is 104081231 composite?
False
Is 142599449 composite?
True
Is 723551 composite?
False
Is 4079501 prime?
False
Is 178414939 a composite number?
False
Is 59232893 a composite number?
True
Is 39151774 prime?
False
Is 212791 composite?
False
Is 4129721 prime?
True
Is 37718711 composite?
False
Is 2425117 a prime number?
True
Is 7657991 a prime number?
False
Is 1346083 a prime number?
True
Is 64779115 a prime number?
False
Is 49961401 a composite number?
True
Is 5898434 a composite number?
True
Is 20300573 a prime number?
True
Is 386207 a prime number?
False
Is 73020205 prime?
False
Is 3346709 a composite number?
False
Is 9943663 composite?
False
Is 31690951 composite?
True
Is 50080787 a prime number?
False
Is 1991911 a prime number?
True
Is 32935073 a composite number?
True
Is 720119879 a composite number?
False
Is 14229763 composite?
True
Is 34937387 prime?
True
Is 3322261 composite?
False
Is 24171613 composite?
True
Is 44552315 a composite number?
True
Is 1510279 a composite number?
False
Is 8250823 prime?
False
Is 337988941 a prime number?
False
Is 50374099 a composite number?
False
Is 3891401 composite?
True
Is 44477 a composite number?
True
Is 275707 composite?
True
Is 4208147 prime?
False
Is 3795829 a prime number?
False
Is 41150